{"id":105,"date":"2020-11-05T12:59:29","date_gmt":"2020-11-05T12:59:29","guid":{"rendered":"http:\/\/buschhof.de\/?page_id=105"},"modified":"2020-11-05T13:27:41","modified_gmt":"2020-11-05T13:27:41","slug":"ferienwohnung-3","status":"publish","type":"page","link":"http:\/\/buschhof.de\/?page_id=105","title":{"rendered":"Ferienwohnung 3"},"content":{"rendered":"\n<figure class=\"wp-block-gallery columns-3 is-cropped wp-block-gallery-1 is-layout-flex\"><ul class=\"blocks-gallery-grid\"><li class=\"blocks-gallery-item\"><figure><img decoding=\"async\" loading=\"lazy\" width=\"640\" height=\"427\" src=\"http:\/\/buschhof.de\/wp-content\/uploads\/2020\/05\/Wohnung-3-Schlafzimmer.jpg\" alt=\"\" data-id=\"42\" data-full-url=\"http:\/\/buschhof.de\/wp-content\/uploads\/2020\/05\/Wohnung-3-Schlafzimmer.jpg\" data-link=\"http:\/\/buschhof.de\/?attachment_id=42\" class=\"wp-image-42\" srcset=\"http:\/\/buschhof.de\/wp-content\/uploads\/2020\/05\/Wohnung-3-Schlafzimmer.jpg 640w, http:\/\/buschhof.de\/wp-content\/uploads\/2020\/05\/Wohnung-3-Schlafzimmer-300x200.jpg 300w\" sizes=\"(max-width: 640px) 100vw, 640px\" \/><figcaption class=\"blocks-gallery-item__caption\">Elternschlafzimmer<\/figcaption><\/figure><\/li><li class=\"blocks-gallery-item\"><figure><img decoding=\"async\" loading=\"lazy\" width=\"427\" height=\"640\" src=\"http:\/\/buschhof.de\/wp-content\/uploads\/2020\/05\/Wohnung-3-Kinderschlafzimmer.jpg\" alt=\"\" data-id=\"41\" data-full-url=\"http:\/\/buschhof.de\/wp-content\/uploads\/2020\/05\/Wohnung-3-Kinderschlafzimmer.jpg\" data-link=\"http:\/\/buschhof.de\/?attachment_id=41\" class=\"wp-image-41\" srcset=\"http:\/\/buschhof.de\/wp-content\/uploads\/2020\/05\/Wohnung-3-Kinderschlafzimmer.jpg 427w, http:\/\/buschhof.de\/wp-content\/uploads\/2020\/05\/Wohnung-3-Kinderschlafzimmer-200x300.jpg 200w\" sizes=\"(max-width: 427px) 100vw, 427px\" \/><figcaption class=\"blocks-gallery-item__caption\">Kinderzimmer<\/figcaption><\/figure><\/li><li class=\"blocks-gallery-item\"><figure><img decoding=\"async\" loading=\"lazy\" width=\"640\" height=\"427\" src=\"http:\/\/buschhof.de\/wp-content\/uploads\/2020\/05\/Wohnung-3-Wohnk\u00fcche.jpg\" alt=\"\" data-id=\"44\" data-full-url=\"http:\/\/buschhof.de\/wp-content\/uploads\/2020\/05\/Wohnung-3-Wohnk\u00fcche.jpg\" data-link=\"http:\/\/buschhof.de\/?attachment_id=44\" class=\"wp-image-44\" srcset=\"http:\/\/buschhof.de\/wp-content\/uploads\/2020\/05\/Wohnung-3-Wohnk\u00fcche.jpg 640w, http:\/\/buschhof.de\/wp-content\/uploads\/2020\/05\/Wohnung-3-Wohnk\u00fcche-300x200.jpg 300w\" sizes=\"(max-width: 640px) 100vw, 640px\" \/><figcaption class=\"blocks-gallery-item__caption\">Wohnk\u00fcche<\/figcaption><\/figure><\/li><\/ul><\/figure>\n\n\n\n<p>Die Wohnung befindet sich im 1. Stock und hat ca. 60 qm Wohnfl\u00e4che. Die Wohnung verf\u00fcgt \u00fcber eine Wohnk\u00fcche, Elternschlafzimmer, Kinderschlafzimmer, Badezimmer mit Dusche und WC.<\/p>\n\n\n\n<p><\/p>\n","protected":false},"excerpt":{"rendered":"<p>Die Wohnung befindet sich im 1. Stock und hat ca. 60 qm Wohnfl\u00e4che. Die Wohnung verf\u00fcgt \u00fcber eine Wohnk\u00fcche, Elternschlafzimmer, Kinderschlafzimmer, Badezimmer mit Dusche und WC.<\/p>\n","protected":false},"author":1,"featured_media":0,"parent":0,"menu_order":3,"comment_status":"closed","ping_status":"closed","template":"","meta":[],"_links":{"self":[{"href":"http:\/\/buschhof.de\/index.php?rest_route=\/wp\/v2\/pages\/105"}],"collection":[{"href":"http:\/\/buschhof.de\/index.php?rest_route=\/wp\/v2\/pages"}],"about":[{"href":"http:\/\/buschhof.de\/index.php?rest_route=\/wp\/v2\/types\/page"}],"author":[{"embeddable":true,"href":"http:\/\/buschhof.de\/index.php?rest_route=\/wp\/v2\/users\/1"}],"replies":[{"embeddable":true,"href":"http:\/\/buschhof.de\/index.php?rest_route=%2Fwp%2Fv2%2Fcomments&post=105"}],"version-history":[{"count":2,"href":"http:\/\/buschhof.de\/index.php?rest_route=\/wp\/v2\/pages\/105\/revisions"}],"predecessor-version":[{"id":108,"href":"http:\/\/buschhof.de\/index.php?rest_route=\/wp\/v2\/pages\/105\/revisions\/108"}],"wp:attachment":[{"href":"http:\/\/buschhof.de\/index.php?rest_route=%2Fwp%2Fv2%2Fmedia&parent=105"}],"curies":[{"name":"wp","href":"https:\/\/api.w.org\/{rel}","templated":true}]}}